 0 = 3*v - 88 + 7. Let f be (-2)/9 + (-48)/v. Let k(h) = -15*h**2 + 0*h + 6*h**2 + 2 - h**3 - h + 4*h**2. Determine k(f).
-8
Let m(o) = 9*o + 33. Let x(c) = -20*c - 68. Let r(t) = -9*m(t) - 4*x(t). Determine r(-28).
3
Let y(c) = -c**3 + 4*c**2 - 8*c + 62. Let f be y(5). Let v(l) = l**3 + 2*l**2 - 2*l + 6. What is v(f)?
3
Let x be 57/114*(-4)/(-2). Let p(f) = 5*f**2 - 4*f + 5. Determine p(x).
6
Let d = 2 - -2. Suppose -5*y - 3*a + a + 29 = 0, -12 = d*a. Let f(j) = -4 - j + 21 - 11. What is f(y)?
-1
Let d(s) = -s**3 + s**2 + 3*s + 2. Let z(t) = -5*t**3 + 11*t**2 + 9*t + 7. Let f(p) = -6*d(p) + z(p). Determine f(-6).
13
Let x = -470 + 477. Let i(z) = z**3 - 6*z**2 - 8*z + 6. Calculate i(x).
-1
Let g(o) = -2*o - 7. Suppose 3*i + 0*y - 6 = -2*y, 4*y + 10 = 5*i. Let v be i*-10*8/(-20). What is g(v)?
-23
Let n(z) be the second derivative of z**6/120 + z**5/20 + 6*z**2 - 10*z. Let o(g) be the first derivative of n(g). Give o(-2).
4
Let r = -9 + 1. Let f(h) = 4*h**3 + 5*h**3 + 7*h**2 - 3*h**3 - 5*h**3 - 3 - 8*h. Calculate f(r).
-3
Let k = -37 - -39. Let h(w) = 12 - 2*w + w + k*w. Determine h(-7).
5
Let n(r) = -r**2 - 2*r. Let g(t) = -3*t**3 - 2*t**2 + t - 2. Let a be g(-2). Let q be -1*8/a*-6. Let i be ((-2)/q)/((-6)/(-12)). Determine n(i).
1
Let v(m) = -m**2 - 8*m + 4. Let d be v(-8). Suppose -2*u + 6*u + d = 3*r, 3*r = 2*u + 8. Let x(z) = 4 + z - 1 - u + 1. Determine x(-3).
-1
Let u(k) be the first derivative of -k**3/3 + k**2/2 - 35*k - 93. Give u(0).
-35
Let s(f) be the first derivative of -1/3*f**3 - 5/2*f**2 - 2 + 8*f. Let p = -369 + 363. Determine s(p).
2
Let t(h) be the third derivative of h**5/10 - h**4/12 - h**3/3 - 266*h**2. What is t(-1)?
6
Let n = -1 + -8. Let u be 3/n*3*2. Let c(w) = -w + 2*w + 2*w. What is c(u)?
-6
Let h(c) = c**3 - 4*c**2 + 2*c - 1. Suppose -4 = -17*s + 47. Determine h(s).
-4
Let l(v) be the third derivative of -v**6/120 - v**5/12 + v**4/4 + v**3/3 - v**2. Suppose -3*i = -s - 9, -4 + 9 = 5*i. Calculate l(s).
2
Let s(l) be the third derivative of -l**5/60 + l**4/3 - l**3/2 - 2*l**2 - 12*l. What is s(4)?
13
Let m(q) be the second derivative of 11*q**5/20 - q**3/3 - q**2 + 238*q. Calculate m(-1).
-11
Let c(j) = -2*j + 12. Let z = 801 + -784. Determine c(z).
-22
Let s be -7 + (-7 - -17 - 2*3). Let p(u) = u + 10. What is p(s)?
7
Let f(a) = 8*a - 7 - 4*a**2 + 15 + 3*a**2 - 5. Calculate f(10).
-17
Suppose -5*g + 10 = 0, 6 = -2*y + 6*y - g. Let z(o) be the second derivative of 0*o**2 + y*o + 0 + 1/3*o**3. What is z(-1)?
-2
Let s be (3/(-5))/((-5)/25). Suppose s*o - 26 = -3*m - m, -4*o - 12 = -4*m. Let k(x) = x**3 - 5*x**2 + x + 3. What is k(m)?
8
Let l(o) = -8*o - 3. Let w(i) = -i + 1. Let z(f) = l(f) + 2*w(f). Let k(y) = 9*y + 1. Let h(g) = 6*k(g) + 5*z(g). Suppose 1322*n = 1324*n - 2. Calculate h(n).
5
Let z(r) = r + 10. Let h(k) = -k + 15. Let j be h(11). Suppose 5*o = -j*n - 15, o + 1 = -4*n - 2. Let l be n/(-3) + -3 - -3. Give z(l).
10
Let l(o) = -8*o**2 - o - 35. Let h(a) = -21*a**2 - 2*a - 106. Let j(v) = 3*h(v) - 8*l(v). Calculate j(-7).
-3
Let a(s) be the second derivative of -4*s**3/3 - 5*s**2/2 + 192*s. Calculate a(-4).
27
Suppose 5*y - k + 0*k - 15 = 0, 0 = -5*y - 5*k - 15. Let z(w) = -14*w**2 - 4*w + 13*w**2 - 4*w - y + w. Suppose d - 18 = 6*f - f, -4*d + 12 = 0. Give z(f).
10
Let w(s) be the second derivative of -s**7/168 - s**5/120 - 3*s**3 + 18*s. Let h(q) be the second derivative of w(q). What is h(-1)?
6
Let o(c) be the first derivative of -1/4*c**4 + 1/2*c**2 + c**3 + 10 + 3*c. What is o(3)?
6
Let s(y) = y**2 - 16*y - 14. Suppose 0 = -5*t + 4*n + 93, 4*t = -6*n + n + 58. Calculate s(t).
3
Let v(l) = -l**3 + 3*l**2 - 4*l + 4. Let u(c) = c**3 - 8*c**2 + 15*c - 54. Let t be u(7). What is v(t)?
0
Let b(i) be the first derivative of i**3/3 + 5*i**2/2 - 6*i + 2. Let g be 1*(-2)/6*0 + -6. Give b(g).
0
Let o be -1*(0 - -1)/1. Let n be (o - 1 - -2)/(-3). Let m(i) = -2 + i - 68*i**2 + 67*i**2 - 2 - 3. Calculate m(n).
-7
Let m(h) be the third derivative of 0 + 11*h**2 - 1/6*h**3 + 0*h - 1/6*h**4. Suppose -4*c = -2*z - 6, -z + 2*z = 4*c - 5. What is m(c)?
-5
Let v(r) be the third derivative of 1/60*r**5 + 0*r - 17*r**2 - 5/3*r**3 + 1/24*r**4 + 0. Calculate v(0).
-10
Let x(m) be the first derivative of m**2 - 3*m + 6101. Suppose 24 = 5*l + 4. Determine x(l).
5
Let c(a) be the third derivative of a**4/12 - 25*a**3/6 - 5*a**2 - 3. Calculate c(11).
-3
Let f(o) = -4*o**2 - 1. Suppose 5*n + 12 = 2. Suppose -3*m - 17 = -4*k, k = -4*k + 25. Let y be 6/(-3) - (n + m). Determine f(y).
-5
Let y(s) = 497*s**2 + 507*s**2 - 5 - 9*s - 1005*s**2. Give y(-7).
9
Let r(g) = 2*g + 11. Let u(o) = o + 11. Let w(q) = -3*r(q) + 2*u(q). Give w(-5).
9
Let h(p) = 2*p**3 + 11*p**2 - 14*p - 6. Let s(z) = -z**3 - z**2 + 2*z - 1. Let n(m) = h(m) + 3*s(m). Calculate n(7).
-16
Suppose -q - 9 = 3*a, -32*q = -34*q - 2*a - 2. Let k(m) be the third derivative of 0*m + 0 + 0*m**q + 3*m**2 - 1/12*m**4. Determine k(2).
-4
Suppose -2 = b - 5*g, -16 = -4*b + 2*g - 6*g. Let p(m) = m - 2*m**2 - 2 + 3*m + b*m + m**2. Suppose 1 = w - 5. What is p(w)?
4
Suppose w - 10 + 3 = 0. Suppose w*l = 9*l - 8. Suppose 4 = -u + 2*q - 9, l*u + 16 = -q. Let v(y) = y**2 + 5*y. Determine v(u).
0
Let u(w) = -4*w + 16. Let y(o) = o**3 - 28*o**2 + 26*o + 32. Let x be y(27). Determine u(x).
-4
Suppose 11 + 4 = -5*k. Let n be 66/(-9)*k/1. Let l(v) = -26 + 0*v - v + n. What is l(-6)?
2
Let f(g) = -g**3 - 18*g**2 + 17*g - 29. Let q be f(-19). Let i(h) = h**3 - 10*h**2 + 8*h + 8. Calculate i(q).
-1
Suppose -2*q - 2*w - 6 = 0, 0*w - 11 = 5*q + 3*w. Let v(b) = -75*b**3 - 3*b + 4*b + 1 + 82*b**3. Determine v(q).
-7
Let w(p) = 6*p**3 - 2*p**3 - 5*p**3 - 1 - 2*p**2. Let q = 30 + -17. Let o = -15 + q. Calculate w(o).
-1
Let i(n) = 6*n**2 - 21*n + 18. Let a(p) = -p**2 + 4*p - 3. Let s(j) = -34*a(j) - 6*i(j). What is s(-6)?
-18
Let q be (-2073)/21 - (-6)/(-21). Let j be q/44 - 1/(-4). Let y(g) = -295 - g**2 + g + 293 - 3*g. Calculate y(j).
-2
Let w(c) = 6*c + 2. Let z(a) = -3*a - 1. Let t(y) = y. Let u(n) = 4*t(n) - z(n). Let o(i) = 5*u(i) - 6*w(i). Calculate o(-5).
-2
Let b(i) = i**3 - i**2 + i + 2. Let g be b(0). Suppose g + 5 = -a. Let m(k) = k**3 + 7*k**2 - 2. Give m(a).
-2
Let b = 72 - 48. Let k(j) = -40*j - 24. Let r(u) = -7*u - 4 + 1 - u - 2. Let c(d) = b*r(d) - 5*k(d). Give c(-1).
-8
Let i be 0/((-1)/((-3)/(-6))). Let r(q) be the third derivative of 1/30*q**5 - 3*q**2 + 1/120*q**6 + 0 - 1/6*q**3 + i*q**4 + 0*q. Determine r(-1).
0
Let i(n) = -4*n**2 - 7*n - 2. Let c(k) = 3*k**2 + 7*k + 1. Let g(z) = 5*c(z) + 4*i(z). Let m = -91 + 95. Calculate g(m).
9
Let h(n) be the second derivative of n**8/6720 - 11*n**7/2520 - n**5/30 + 4*n**4/3 + 25*n. Let g(o) be the third derivative of h(o). Calculate g(11).
-4
Let z(m) be the second derivative of -m**4/12 - m**3 + 2*m**2 - m. Let n(k) = -k**3 - 3*k**2 + 3*k + 2. Let h be n(-4). Let l be (-3)/h*2*5. Calculate z(l).
9
Let j(f) = -2*f**2 - 3*f. Let m be (-72)/(-32) + 6/8. Let t be (-7)/m - (-2 + 5/3). Determine j(t).
-2
Suppose 0 = t - 26 + 2. Suppose -i = 2, 3*c + 2*i + t = -i. Let n(o) = o**3 + 6*o**2 + o + 5. Determine n(c).
-1
Let m(z) = -3*z - 30*z**3 - 1 + 31*z**3 - 4*z**2 - z. Let b(j) = -j. Let h be b(-5). Let s be m(h). Let v(q) = -q**3 + 6*q**2 - 3*q - 5. Determine v(s).
15
Let n(q) = 4*q - 3. Suppose 5*o + 71 - 26 = -5*m, -2*m - 18 = 4*o. Let f be 44/28 + m/(-21). Determine n(f).
5
Let r = 369 - 372. Let w(g) = -3*g**2 - 3*g - 3. What is w(r)?
-21
Let k(d) = -d**3 + 8*d**2 - 6*d - 10. Suppose -3*x + x = 16. Let m be 6/x - (-105)/(-20). Let w = 13 + m. What is k(w)?
-3
Let x(g) = -10*g + 91. Let m be x(9). Let h(s) = -s**3 - 4*s**2 - 4*s - 1. Let i be h(-3). Let r(b) = 14*b**i - 23*b**2 + b + m + b. Give r(-1).
-10
Let c(w) = 2 + 2 + 10*w + 87*w**2 - 86*w**2. Calculate c(-10).
4
Let l(r) = -8*r - 38. Let f be l(-13). Suppose f = -i + 65. Let g(v) = 6*v**2 + v + 1. Determine g(i).
6
Let q(j) = j**2 - 4*j + 2. Let z = 17 + -16. Suppose -f + z = -0. Let l be (-6)/(-3) + f + 2. Give q(l).
7
Let o(f) = 10*f + 9. Let u(h) = -h - 1. Let i(b) = o(b) + 5*u(b). Determine i(-4).
-16
Let k(y) = -y**2 + 0*y - 5 + 3*y + 3*y. Let i = -884 + 890. Calculate k(i).
-5
Let i(c) = -c**3 - 2*c**2 - c + 4. Let m be i(0). Let n(k) = -m*k + 3*k**2 - 1 + 0*k + 3*k